.
2, 3, 5
What are the prime factors of -212*((-410)/40 + 10)?
53
Let m be (1 - 2)/(2/(-52)). Let o = m + -13. Suppose 0*g = g - o. List the prime factors of g.
13
Let m be 3 + 2/(-4)*-8. Let r = 13 - m. List the prime factors of r.
2, 3
Let a(s) = 21*s**3 + 9*s**2 - 35*s + 38. What are the prime factors of a(6)?
2, 293
Let w(j) = j**2 + 16. Let m be -2 - -1 - 15/(-3). Let o be m/(-14) + (-6)/(-21). What are the prime factors of w(o)?
2
Let d(b) = 70*b + 24. Let a be d(8). Suppose 2*w = -0*w + a. What are the prime factors of w?
2, 73
Let p(z) be the second derivative of -19*z**3/3 + 17*z**2 - 21*z. List the prime factors of p(-7).
2, 3, 5
Let o = -46 + 48. Suppose -3*x - b + 127 = -2*b, o = b. What are the prime factors of x?
43
Let o(s) = 40*s**2 - 1. Let w be (2/(-4))/(5/(-70)). Let c = 6 - w. List the prime factors of o(c).
3, 13
Let n(q) = -10*q**2 - 36*q + 4. Let a(r) = 7*r**2 + 24*r - 3. Let d(o) = -7*a(o) - 5*n(o). Let z be d(-11). List the prime factors of (-144)/z*(-10)/(-3).
2, 3
Suppose p + 84 = 2*p. Let j(w) = w + 5. Let x be j(-5). Suppose -p = -x*l - 3*l. List the prime factors of l.
2, 7
Let x(u) be the first derivative of 8*u**3/3 + u**2/2 + 4*u - 3. Let z be x(-2). Suppose -2*p = 5*m - 57, m + 2*m - z = -p. List the prime factors of m.
11
Let k = 2158 - 1210. What are the prime factors of k?
2, 3, 79
Let v = -36 - -10. Let q = v - -83. List the prime factors of q.
3, 19
Let p = -1653 + 3217. List the prime factors of p.
2, 17, 23
Suppose 2*y - 4*u - 2156 = 0, 0 = -8*y + 4*y - 2*u + 4362. List the prime factors of y.
2, 17
Let m = 5279 + -352. List the prime factors of m.
13, 379
Let h = -17 - -25. Suppose 4 = 4*q - h. List the prime factors of q.
3
Suppose 2*p - 45 = 263. Let t = 267 - p. Let z = t + -67. What are the prime factors of z?
2, 23
Suppose 10*s + 152 = 12*s. Suppose 176 = 2*v - s. List the prime factors of v.
2, 3, 7
Suppose 5*t + 46 - 716 = 0. What are the prime factors of t?
2, 67
Let b(m) be the second derivative of m**4/12 - m**3/6 + 5*m**2 - 5*m. List the prime factors of b(8).
2, 3, 11
Let c(j) = j**3 + 2*j**2 - j + 1. Let p be c(-2). Suppose -3*x - g = -2*x - p, 2*x - 6 = 3*g. List the prime factors of 1/(4/80) - x.
17
Suppose 256 - 4 = -2*c. Let f = 180 + c. Suppose 3*z - 15 - f = 0. List the prime factors of z.
23
Let s = -4499 + 6990. List the prime factors of s.
47, 53
Suppose -11*w + 20226 = -11454. List the prime factors of w.
2, 3, 5
Suppose -i + 4*j + 30 = 2*j, -3*i + 4*j + 82 = 0. Let y = 39 - i. Let h = 67 - y. List the prime factors of h.
2, 5
Suppose 2*m - 2*n + 0 = -22, 3*m - n = -31. List the prime factors of ((-440)/(-6))/(m/(-30)).
2, 5, 11
Let x = 873 - 867. What are the prime factors of x?
2, 3
Let k(x) = x**3 + 25*x**2 + 17*x - 17. Let v be k(-24). Let n = -64 + v. List the prime factors of n.
3, 29
Let q(l) be the third derivative of l**5/60 - l**4/24 + 61*l**3/6 - 11*l**2. What are the prime factors of q(0)?
61
Let p be (10/8)/((-1)/(-436)). Suppose -p + 50 = -5*l. What are the prime factors of l?
3, 11
Let b = -3534 - -6250. What are the prime factors of b?
2, 7, 97
Suppose 0 = 14*y - 35967 - 2337. List the prime factors of y.
2, 3, 19
What are the prime factors of ((-261674)/(-18))/7 + 34/153?
31, 67
Let k(m) = 67*m + 207. List the prime factors of k(13).
2, 7, 11
Suppose x - 335 = 3*w, 0 = -4*w + w + 3. What are the prime factors of x?
2, 13
Let w be (116/(-145))/((-2)/5). Suppose 3*g - 3*x = w*x + 150, -3*x - 50 = -g. What are the prime factors of g?
2, 5
Suppose 6*c - 6912 = -3*c. List the prime factors of c.
2, 3
Let q(n) = 286*n - 140. List the prime factors of q(3).
2, 359
What are the prime factors of -1 + 10356/52 + (-2)/13?
2, 3, 11
Let c be 41/39*3 - 16/104. Suppose u - 974 = -5*q - c*u, -5*q + 966 = -4*u. What are the prime factors of q?
2, 97
Let x = 85 + -33. Let z = x + 37. List the prime factors of z.
89
Let o = 2 - -1. Suppose 3*k = -3*i + 243, -o*k = 4*i - 87 - 234. What are the prime factors of i?
2, 3, 13
Suppose 6080 = 71*v - 61*v. List the prime factors of v.
2, 19
Suppose -8*j + 42 = 18. Suppose -2*w - 2*w = 4*d - 1152, 6 = j*d. List the prime factors of w.
2, 11, 13
Let h(o) = -o**2 + 1. Let d(x) = -x**2 - 2*x - 4. Let a be -4 + -1*(-7 - -2). Let t(w) = a*d(w) - 2*h(w). What are the prime factors of t(-7)?
3, 19
Let c = 1365 - 1056. What are the prime factors of c?
3, 103
Let b be 3/6 - (-7)/2. Let a be b - (29 + (5 - 4)). Let f = 45 + a. What are the prime factors of f?
19
List the prime factors of ((-334)/(-4))/((-6)/(-24)).
2, 167
Suppose -2*c + 221 = -193. List the prime factors of c.
3, 23
Let z(l) = 6*l - 8. Let p be 248/40 - (-4)/5. What are the prime factors of z(p)?
2, 17
Suppose 309 = -7*z - 685. What are the prime factors of 1/(-2) - z/4?
5, 7
Let a = -21 - -24. List the prime factors of 191/a + 14/(-21).
3, 7
Suppose 0 = 3*n + 11 + 13. Let f(v) = -v**3 - 7*v**2 + v + 1. List the prime factors of f(n).
3, 19
Suppose 4*x + 21 = -31. Let d = 13 + x. Suppose d = 6*l - 0*l - 72. What are the prime factors of l?
2, 3
List the prime factors of 12273/18 + (-7)/(-42).
2, 11, 31
Let b(t) = 3*t**2 + 9*t + t - 4*t - 2*t**2. List the prime factors of b(5).
5, 11
Let l = -360 - -362. Let v(o) = 4*o**2 + 6*o. Let r be v(-5). Suppose -l*p = 4*w - 30, -4*p = -4*w + 2*w - r. What are the prime factors of p?
17
Let m be (8/(-12))/((-8)/(-228)). What are the prime factors of m*((-12)/2)/3?
2, 19
Suppose 0 = -2*q + 25 + 13. Let b = 24 - q. What are the prime factors of b?
5
What are the prime factors of (-12 - (-156725)/45) + (-4)/(-18)?
3, 13, 89
Suppose 247 - 2815 = -3*t. List the prime factors of t.
2, 107
Suppose 6 = -2*v, -4*n + 32 = 2*v - 6*v. Suppose -2*s - 18 = n*q - 42, -2*s + q = 0. Suppose s*x = x + 2. What are the prime factors of x?
2
Let t = -24 - -26. Suppose -o - 3*m = 2*o - 39, 5*m - 2 = t*o. What are the prime factors of o?
3
Let w(s) = s**3 + 77*s - 3 + 5*s**2 + 4*s**2 - 76*s. What are the prime factors of w(-7)?
2, 11
Suppose z = -b + 888, 5*z - 3*b - 4472 = -0*b. List the prime factors of z.
2, 223
Let x = -1513 + 1874. What are the prime factors of x?
19
Suppose -g - 130 = -3*g. Suppose 0 = 5*j + g + 90. Let b = 55 + j. List the prime factors of b.
2, 3
Let j = -656 + 1602. What are the prime factors of j?
2, 11, 43
List the prime factors of 5/(270/9) - (-6947)/6.
2, 3, 193
Let k be -1*(-2 + 5 + -3). Let s(t) = -15*t + 7. Let u be s(-7). Suppose 0 = -k*m - 4*m + u. List the prime factors of m.
2, 7
What are the prime factors of (2/4)/((30/(-37420))/(-3))?
1871
Let m = 57 + -57. Suppose 3*j + 61 = r + 2*j, m = 3*j. What are the prime factors of r?
61
Suppose 12*y - 18968 - 17332 = 0. List the prime factors of y.
5, 11
Let n = -1 - 17. Let x = 18 + n. Suppose x = s - 4*s + 90. What are the prime factors of s?
2, 3, 5
Let b be (852/(-15))/((-4)/10). Suppose -5*z - 2 = -b. What are the prime factors of z?
2, 7
Suppose 0 = u - 2*u + 5*y + 17, u - y = 9. Suppose u = o - h, 2*h + 2 + 4 = -2*o. Suppose -5*z = o*c - 103, 2*z = 5*c + 10 + 37. List the prime factors of z.
3, 7
Suppose 75 = -5*i + 750. Let p be -6*(i/6)/3. Let a = p - -78. List the prime factors of a.
3, 11
Let o(y) = 112*y + 39. List the prime factors of o(4).
487
Let j = -1861 + 3146. What are the prime factors of j?
5, 257
What are the prime factors of (-33)/(2*21/(-154))?
11
Let u = -125 - -210. Suppose o - 52 - u = 0. What are the prime factors of o?
137
Suppose -3*h - 4*h + 5271 = 0. Suppose 5*z = m + 2*m - 443, z + h = 5*m. What are the prime factors of m?
151
Suppose 5*x - 2*n - 19873 = 0, -5*x + n + 7949 = -3*x. List the prime factors of x.
3, 5, 53
What are the prime factors of 98/49 + (1 + -1 - -128)?
2, 5, 13
List the prime factors of (-1 + -3)/2 + (2557 - -37).
2, 3
Let j = 77 + -143. List the prime factors of j/88 + 239/4 + -1.
2, 29
Suppose 2*g + 75 - 253 = 0. Suppose -j - 376 = -4*y, y = -j - 0*j + g. List the prime factors of y.
3, 31
Suppose 4*h - 15 = h. Suppose 4*j = h*j. Suppose j = 2*s + 5*k - 47, -4*s + 44 = 4*k - 32. What are the prime factors of s?
2
Let i = -10 + 9. Let o be (-55)/(i/2 - -1). List the prime factors of (-3)/4 - o/8.
13
Let q(k) be the first derivative of -k**3/3 + 10*k**2 - 16*k + 2. What are the prime factors of q(7)?
3, 5
Suppose -2*a + 132 = -10